r) = r**2 - r**2 + 2*r**3 - r**3 - 4*r - g + r**2. Determine m(-3).
-10
Let x(n) = -n - 1. Let z be x(5). Let g = z - -3. Let r(q) be the first derivative of 3*q**2/2 - 9. Determine r(g).
-9
Let l(p) = 43 + 177*p - 351*p + 176*p. What is l(-18)?
7
Let h(c) = -15*c - 3. Let s(x) = 7*x + 2. Let p(j) = 3*h(j) + 5*s(j). Give p(2).
-19
Let w(l) be the third derivative of -l**5/60 + l**4/8 - l**3 - 133*l**2. Give w(5).
-16
Let w(t) = -6*t**3 - 4*t + 1. Let s(q) = q. Let u(b) = -3*s(b) - w(b). Let p be u(1). Let k(y) = -y - 3. Give k(p).
-9
Let b(z) = -2*z - 2. Let d(i) = 14 - 27 + 14. Let f(q) = -b(q) - 5*d(q). Calculate f(2).
1
Let y(z) be the third derivative of z**6/120 - z**5/12 + 3*z**3/2 - 67*z**2. Determine y(5).
9
Let c(r) = -8 + 6 + 5*r - 2*r - 2*r**2 - r**3. Suppose 0 = -3*t - 3*y, -2*y = -2*t - 3*y - 3. Give c(t).
-2
Let p(n) = n**2 - 1. Let r be 3 + ((-154)/56 - 1/4). Determine p(r).
-1
Let q(k) = -3*k - 5. Suppose 2*r = -4*v - 10, 2*v = 6*v - r - 5. Give q(v).
-5
Let d be -3*2/4*-2. Let u(i) = -5 + 4 - 4*i**2 + d*i + 2*i**2. Let t(x) = -x**2 + 2*x - 1. Let h(n) = -11*t(n) + 6*u(n). Determine h(-6).
-7
Let p(j) = j - 1. Let u(x) = 5*x**2 - 5*x - 18. Let t(w) = -2*p(w) + u(w). Let z(n) = 11*n**2 - 15*n - 33. Let a(s) = -13*t(s) + 6*z(s). Give a(0).
10
Let f(v) = -5*v**3 - v**2 + 1. Let d be f(-1). Let i be 9/(2 - d) - -6. Let c(b) = 3 - i*b - 3 + 0. Determine c(4).
-12
Let r(t) be the third derivative of t**8/20160 + t**7/1008 - t**6/720 - t**5/10 - 4*t**2. Let o(l) be the third derivative of r(l). Determine o(-5).
-1
Let f(i) be the second derivative of -i**3 + 8*i + 1/2*i**2 + 0. Let o(j) = j**3 + 8*j**2 + 2. Let a be o(-8). What is f(a)?
-11
Let j(d) = 18 + 4 + 2*d - 18. Calculate j(-6).
-8
Let s(m) be the second derivative of 5*m**3/6 + 25*m**2/2 - 37*m. Give s(-6).
-5
Suppose -228 = 8*y - 12*y. Let f be 1/6 - y/18*1. Let i(z) = 3*z - 2. Determine i(f).
-11
Let q be 10/(-15) - 21/9. Let m = 0 - q. Let f(z) = -2*z - 4 - 1 + 3 + m*z. What is f(5)?
3
Let x = -2 - -3. Let h(w) = 9*w - 4. Let j(m) = -343*m + 154. Let f(u) = 154*h(u) + 4*j(u). Determine f(x).
14
Suppose 1 = g - 2*o, -2*o = 4*g - 19 + 5. Let v(r) = -r**2 - 2*r + 4. Calculate v(g).
-11
Let w(r) be the first derivative of -r**3/3 + 5*r**2/2 - 14*r + 15. Let u(i) be the first derivative of w(i). Calculate u(4).
-3
Let p(w) = 3*w**2 + 2*w + 2. Let y(x) = -x**2 + 2*x - 1. Let c(n) = -p(n) - 2*y(n). Suppose 3*j + 23 = -4*k, k = 6*j - 2*j + 18. What is c(j)?
5
Let y(h) be the first derivative of -7/3*h**3 - 5/2*h**2 + 7*h - 1/4*h**4 - 30. Let s(a) = -a**2 - a - 6. Let c be s(0). Calculate y(c).
1
Let l = 10 - 7. Let b be (7*-1)/(0 + -1). Let u(j) = -j + 0 - j + b + l*j. What is u(-5)?
2
Let g = -9 + 12. Let q(y) = 3*y - 8*y - 7 + y + g*y. Give q(-8).
1
Let f(n) = 129 + 2*n - 92 - 48 - n. Determine f(12).
1
Let y(m) = m**2 + 84 - 41 - 37 - m - 6*m**2. Let q(d) = 4*d**2 + d - 5. Let b(f) = -6*q(f) - 5*y(f). What is b(2)?
2
Let p(j) be the second derivative of -j**4/4 + 2*j**3/3 - j**2 + 2*j. Let o = -27 + 31. Suppose 0 = -o*z - 2*l, -z - 2*l - 6 = -0*z. Calculate p(z).
-6
Let x(q) = -q**2 - 5*q + 7. Let d be 25/15 - (-2)/(-3). Let w(m) = 7 - 14 - 7*m**2 + 6 + 2. Let b be w(d). Calculate x(b).
1
Let h(f) = -3*f**2 + 3*f - 1. Let n = 8 - 9. Let v = -3 - n. Let u = v + 4. What is h(u)?
-7
Suppose 15 + 5 = 5*m, 1320 = 4*i - 5*m. Let w(f) = -2 + 334*f**3 - i*f**3 - 2*f + 0 - f**2. What is w(-2)?
6
Let v(k) be the second derivative of k**4/24 + k**3/3 + k**2/2 + 27*k. Let r(o) be the first derivative of v(o). Determine r(6).
8
Let w(f) be the second derivative of -f**4/12 - 5*f**3/6 + 4*f**2 - 2*f - 211. Determine w(-6).
2
Let a(l) = -l**3 + 7*l**2 - 7*l + 1. Let v be 14 + (6 + -5)*-2. Suppose 26 = v*d - 34. Calculate a(d).
16
Let a(u) = -33*u + 1. Suppose 3*s + 4*l + 4 + 3 = 0, 0 = -2*s - 4*l - 6. What is a(s)?
34
Let h(f) = 95*f**2 - 94*f**2 - f - 3 + 6*f. Give h(-5).
-3
Let s(z) = z**2 - z - 89*z**3 + 91*z**3 - 2*z**2. Determine s(-1).
-2
Let a(o) = o**2 + 9*o + 11. Suppose -63 = 11*x + 36. Give a(x).
11
Let k(v) = v + 11. Suppose -2*z = 2*z - 8, 0 = -n - 5*z + 13. Let x be (-1)/(-3)*n - 8. What is k(x)?
4
Let a(q) = -11*q - q**2 + 66 - 71 + 1. Determine a(-5).
26
Let v(o) = 4*o**3 - 23*o - 7*o**2 + 4*o - 7 + 14*o - 5*o**3. Calculate v(-6).
-13
Let n(b) = 13*b**2 + 13*b + 7. Let r(u) = 5*u**2 + 6*u + 3. Let m(j) = -2*n(j) + 5*r(j). Give m(6).
-11
Let g(t) = 26*t + 3. Let c(s) = 3*s + 1. Let y(p) = 6*c(p) - g(p). Suppose -4*w = -2*w - 4. Give y(w).
-13
Let s(h) = 2*h**2 - 1 - h + 2 - 7*h**2. Let n(g) = 13*g - 129. Let a be n(10). What is s(a)?
-5
Let g(a) = a**3 + 3*a**2 + 2*a. Let s be -6 - (18/(-8) + 9/(-12)). What is g(s)?
-6
Let s(h) = -1 + 6*h + 4 - 5*h + 1. Suppose 7*a + a + 48 = 0. Give s(a).
-2
Let t(q) = -q**3 + 4*q**2 + 2*q + 2. Suppose 0 = -0*f + 2*f - 8. Suppose 0 = -4*x - f*s + 36, x = -s + 5*s - 16. Give t(x).
10
Suppose 5*w - 3*x = 15, -w - 3 + 14 = x. Let p(c) = -3*c + 4*c - 5 - 2. Calculate p(w).
-1
Let v(r) = r - 14 + 34 - 18. Suppose 0 = -13*m + 2*m + 44. What is v(m)?
6
Let k(r) = -1 + 3 + r**2 - 20050*r + 20061*r. Determine k(-11).
2
Suppose -7*g + 12 = -4*g. Suppose -5*x + 3*d + 17 = 0, g*x + 4*d + 8 + 4 = 0. Let c(z) = 7*z + 1. Calculate c(x).
8
Suppose 2*t - 9 = 2*l + 7, -5*t + 5 = 2*l. Suppose -2*b = -t*g - 0*g - 9, 3 = -g - 5*b. Let s(i) = -i + 1. Calculate s(g).
4
Let n(h) = h**3 - 4*h**2 - 7*h - 1. Let c = 33 + -13. Suppose p - 5*p = -c. Let d = p - 0. What is n(d)?
-11
Let r(k) = -k**3 + k**2 + 3*k + 3. Let v be (9/(162/12))/((-16)/72). Determine r(v).
30
Let u(g) = 2*g**3 + 19*g**2 + 13*g + 34. Let k be u(-9). Let j(q) = -3*q**2 - 4*q - 2. Determine j(k).
-6
Suppose 0*k + 4*k = -4*g - 48, 2*k - 2 = 0. Let t(h) = h**3 + 12*h**2 - 13*h - 9. Give t(g).
-9
Suppose -5*y - 2 = -3*y. Let h be y/((-5)/(-3))*-5. Suppose 3 = 3*j - h. Let t(o) = 2*o. Determine t(j).
4
Suppose -4*y = 9 - 21. Let l(j) = 31*j**y - 32*j**3 + 6 + j + j**2 - 9*j**2. Suppose 2*s - 8 = 0, -2*c - 2*c = -5*s + 52. Determine l(c).
-2
Let x(l) be the first derivative of -1 + 1/3*l**3 - 3*l + 5/2*l**2. Let t be -5*(-1)/(-2)*3324/1385. What is x(t)?
3
Let p(q) = 2*q**2 - 10*q + 8. Let g(y) = y**2 - 5*y. Let k(l) = -g(l) + p(l). Determine k(6).
14
Suppose -2*r = -3*v + r + 81, 6 = -2*r. Let w(u) = v*u**3 - 7*u**3 - 7*u**3 - u**2. Calculate w(1).
9
Let l(h) = 8*h**3 - 3*h**2 - 3*h. Let d(t) = 3*t**3 - t**2 - t. Let q(o) = 2*o - 19. Let m be q(4). Let n(g) = m*d(g) + 4*l(g). Determine n(0).
0
Let k(d) = -d**2 + 5*d + 12. Suppose 3*g - 24 = -g. Let h be k(g). Let m(p) = -p**2 + 7*p - 4. Give m(h).
2
Let f(q) = -q - 2. Suppose -22*n + 5 = 93. Determine f(n).
2
Suppose -99 = -7*o + 8*o. Let n be 35/11 - (-18)/o. Let u(c) = -n*c + 4 - 1 + 0 + 3. Give u(4).
-6
Let u(r) = -r + 5. Let i(w) = -w**2 + 3*w + 10. Let q be i(5). Suppose -5*t + 2*v + 24 = q, 2*v - 2 = -3*t + 22. Determine u(t).
-1
Suppose 8*g = 4*g + 16. Let w(u) be the third derivative of -1/60*u**5 + 12*u**2 + 0 + 0*u + u**3 + 1/6*u**g. What is w(5)?
1
Let k(q) = -16*q**3 - 9*q**2 - 7*q - 11. Let g(o) = -3*o**3 - o**2 - o - 2. Let i(y) = -5*g(y) + k(y). Determine i(-4).
7
Let x be 16 - (-13 - -2 - -6) - 1. Let y(a) = -a**3 + 20*a**2 + a - 12. Determine y(x).
8
Let r(g) = -11*g**2 + 1. Let p(u) = 37*u - 38. Let i be p(1). What is r(i)?
-10
Let w(z) = z - 1. Let n(g) = g**2 - 12 - 253*g - 257*g + 511*g. Let m(k) = -n(k) + 5*w(k). Calculate m(6).
-5
Let t(f) = 16 + f + 7 + 10 - 34 + 10. Determine t(-15).
-6
Let o(x) = x**2 - 19*x + 25. Let k = 873 - 856. Give o(k).
-9
Let t(u) = u**3 - 4*u**2 + 2*u - 5. Let p be t(4). Suppose 0 = -l + p. Let k(d) = -3*d - 5 + 2 + l*d**2 - d**3 + 7*d. What is k(4)?
-3
Let d(f) be the third derivative of 5*f**4/12 + f**2 - 166*f. What is d(-1)?
-10
Let y(o) be the third derivative of -1/2*o**3 + 3/20*o**5 + 0*o + 0 + 10*o**2 + 1/120*o**6 - 1/24*o**4. Calculate y(-9).
6
Let v(j) = -2*j**2 + 14*j - 6. Let l(n) = -n**2 - 4*n + 39. Let t be l(-8). What is v(t)?
-6
Let q(p) = -14*p - 4. Let o(s) = 186*s + 54. Let a(b) = -2*o(b) - 27*q(b). What is a(-1)?
-6
Suppose -5*g - 4*n - 65 = 0, 85*g = 88*g - 4*n + 71. Let i(h) = 2*h**2 + 34*h - 12. Give i(g).
-12
Let r(t) = -2*t + 10*t - 2*t**2 - 727 + 720. Let p(o) = 2*o + 1. 